n**2 - 10*n + 6. What is the remainder when k(-5) is divided by 11?
9
Let s(c) = -6*c**2 + c + 1. Let g(y) = -y**2. Let n(w) = 30*g(w) - 6*s(w). What is the remainder when 13 is divided by n(-1)?
1
Suppose -205 - 150 = -5*v. Let f be -1*(-1 + -20 + -3). Let k = -9 + f. Calculate the remainder when v is divided by k.
11
Suppose -25*w - 865 = -30*w. What is the remainder when w is divided by 36?
29
Calculate the remainder when 46 is divided by -3*31/(1/((-3)/9)).
15
What is the remainder when -7 + 14700/160 + 1/8 is divided by 22?
19
Suppose -2 = 3*j - 2*j. Suppose -5*z = -2*z + 51. Let p = j - z. What is the remainder when 27 is divided by p?
12
Let i = -20 - -23. Suppose -q - 23 = i*g - 131, 5*g - 3*q = 180. What is the remainder when g is divided by 13?
10
Let t(u) = u**2 + 2*u - 3. Suppose -3 + 19 = -4*i. Calculate the remainder when 4*3/((-2)/((-4)/3)) is divided by t(i).
3
What is the remainder when (-100)/(-1) - (99 - 89) is divided by 11?
2
Calculate the remainder when 95 is divided by 57 - 0 - 16/(-13 - -5).
36
Let u(w) = 12*w**2 - w. Suppose 0 = -3*o + 5*x + 56, 6*x - 3*x = 5*o - 104. Suppose 0 = o*h - 13*h - 216. What is the remainder when u(2) is divided by h?
22
Suppose -15*h = -12*h - 99. What is the remainder when (-84)/30*(-5)/3*21 is divided by h?
32
Suppose 2*r - 372 + 296 = 0. What is the remainder when r is divided by 34?
4
Calculate the remainder when 129 is divided by (1 + (-15)/20)*488.
7
Suppose -r = 2*h - 64, 2*h + r - 5*r - 44 = 0. Suppose -282*w + 147*w = -11610. Calculate the remainder when w is divided by h.
26
Suppose 640*n = 638*n + 154. Calculate the remainder when 463 is divided by n.
1
Let v(c) = -4*c**2 + 3*c**2 - 3 + 6*c + 11 + 8*c. Suppose -140 = -15*f + 5*f. What is the remainder when v(f) is divided by 3?
2
Let q = -312 + 342. Calculate the remainder when 261 is divided by q.
21
Suppose -26*d + 19*d = -35. Suppose 0 = 2*m - 4*o - 8, -3*m + 3*o + 3 = -2*m. Suppose -5*w + 46 = m. Calculate the remainder when w is divided by d.
3
Let w = 43 + -28. Suppose w = 4*d - 1. Suppose g = -3*q - 3*g - 4, -4*g = d*q. Calculate the remainder when 5 is divided by q.
1
Suppose 4*q + i = -4*i + 1, 4*i = 2*q - 20. What is the remainder when 41 is divided by (10 - q - 17)*2/(-2)?
8
Suppose -3*y + 11 = -16. Let n = y - -2. Suppose -4*z - 4*l = -z - 55, l = 2*z - 44. Calculate the remainder when z is divided by n.
10
Suppose 1206 + 1034 = 32*p. Calculate the remainder when p is divided by 18.
16
Suppose -25 = -4*h - 1. What is the remainder when 372/30 - 4 - (-9)/15 is divided by h?
3
Let t(f) = -4*f + 23. Let i(l) = -3*l + 22. Let w(z) = 2*i(z) - 3*t(z). Calculate the remainder when w(9) is divided by 4.
1
Let s(j) = -4*j + 58. Calculate the remainder when s(-18) is divided by 44.
42
Let n = -797 - -1370. Calculate the remainder when n is divided by 48.
45
Suppose -346 = -23*z + 137. Let h be (-18)/3*(-11)/2. Suppose 2*o = -o + h. What is the remainder when z is divided by o?
10
Let j be 224/80 + 4/(-5). Suppose 2*z + 2*z - 16 = 0, -j*h = -z - 118. What is the remainder when h is divided by 16?
13
Suppose 11*j + 88 - 297 = 0. Calculate the remainder when 89 is divided by j.
13
Suppose -28*n + 31*n - 6 = 0. Suppose n*z = 270 + 104. What is the remainder when z is divided by 27?
25
Suppose 0 = o + 5*y - 230, -3*o + 618 = 4*y - 39. What is the remainder when o is divided by 56?
47
Let n be 6/4*(-620)/(-6). Suppose -n = -3*k - 2*a - 0*a, -5*k + 253 = 2*a. What is the remainder when k is divided by 13?
10
Suppose 1 + 5 = -2*d, -2*d = 3*q - 219. Suppose 2*f = 3*p + 3*f - 62, 2*f = 2*p - 28. Calculate the remainder when q is divided by p.
18
Let m(y) = -2*y + 3. Let a be m(0). Suppose -a*z + z = -88. What is the remainder when z is divided by 12?
8
Let a(c) = -2*c**3 - 3*c**2 - 2*c + 3. Calculate the remainder when 141 is divided by a(-3).
33
Suppose -530*d = -536*d + 528. Calculate the remainder when d is divided by 15.
13
Let d be ((-4)/4 + 24)*3. Suppose 4*b = -d + 305. What is the remainder when b is divided by 12?
11
Let f = 22 - -17. Suppose 5*g = -5*m + 29 + 36, -5*g + 3*m + 25 = 0. Calculate the remainder when f is divided by g.
7
Suppose -5*o + 541 = 12*c - 9*c, 3*c + 101 = o. Calculate the remainder when o is divided by 6.
5
Suppose 4*z = -2*b, -4*b + 2*z + 2 = -18. Calculate the remainder when 69 is divided by b.
1
Let v(s) = -5*s + 2*s**2 - 13 + 5*s**2 - 7*s - 8*s**2. Let b = 4 - 0. Calculate the remainder when v(-10) is divided by b.
3
Let s be ((-4)/(-6))/(2/12). Let o(j) = j**3 - 3*j**2 + 4*j. What is the remainder when 6*(s/(-4) - -2) is divided by o(2)?
2
Let n(w) = 3*w**3 - 4*w**2 + 5*w - 5. Let x be n(2). Let y = x + -7. What is the remainder when 63 is divided by y?
3
Suppose 0 = o + 2*m + 5, -14 = 2*o + 3*m + 2*m. Suppose 4*x = -4*a + 12, -5*x - 6 = -3*a + o. Calculate the remainder when 33 is divided by (-2 - -17) + -3 + x.
9
Let v(i) = -i**3 - 3*i**2 + i - 4. Let a be v(-4). Let l = -12 + a. Calculate the remainder when 15 is divided by 1/l + 74/8.
6
Suppose 3*v = 3*s - 33, -s - 28 = -4*s + 2*v. Suppose 2*w = 3 + 3. Suppose 3*o + m - 42 = 0, -w*o + 51 = o + 3*m. What is the remainder when o is divided by s?
3
Suppose -2*h + 2 = -6. Calculate the remainder when h - (4 + (-15 - 1)) is divided by 3.
1
Suppose 15*n + 1260 = 51*n. Calculate the remainder when n is divided by 23.
12
Let t(d) = d**2 + 188*d + 377. Suppose -4*w + 10 = -2*w. Calculate the remainder when t(-2) is divided by w.
0
Let l(m) = 5*m + 44. Calculate the remainder when ((-3)/(-3))/((-2)/(-52)) is divided by l(-6).
12
Let x(y) = -17*y - 2. Let q(j) = 7*j - 15. Calculate the remainder when x(-3) is divided by q(4).
10
Suppose 444 = 279*m - 273*m. Suppose 2*k - 14 = 24. Calculate the remainder when m is divided by k.
17
Let b(g) = -12*g**2 + 7 + g**2 + 2 - g**3 - g. Let f be -11*(-5)/(-20)*4. Calculate the remainder when b(f) is divided by 7.
6
Let v be 650/(-4)*48/60. Let f = -120 - v. Calculate the remainder when 68 is divided by f.
8
Suppose 0 = 5*t - 52 - 33. Calculate the remainder when 43 is divided by t.
9
Let k(i) = -27*i + 2. Let z(d) = 8*d - 27. Calculate the remainder when k(-2) is divided by z(6).
14
Let k = 55 - 31. Suppose 0 = -9*d + 5*d + k. Suppose -h + 30 = 2*h. What is the remainder when h is divided by d?
4
Let j = 1013 - 860. Calculate the remainder when j is divided by 11.
10
Calculate the remainder when 133 is divided by (-6 - -8)*30/1.
13
Calculate the remainder when 54 is divided by -318*24/(-324) - 8/(-18).
6
Suppose -4*k + 3 = -5*g - 52, g + 44 = 3*k. Calculate the remainder when 132 is divided by k.
12
Suppose 32*q + 324 = 35*q. What is the remainder when q is divided by 16?
12
Suppose 380 = 5*a + 135. Suppose -3*m = -38 - 7. Let n = 11 + m. What is the remainder when a is divided by n?
23
Let c(p) = -p. Let o be c(-5). Suppose 0 = -o*z - 2*a + 52, -z = -0*z + 3*a. What is the remainder when 31 is divided by z?
7
Let p(f) = -f**2 + 6*f + 25. Let r be (1/7 - (-528)/77)/1. What is the remainder when 57 is divided by p(r)?
3
Let s = 77 + 97. What is the remainder when 31 is divided by (-18)/30 + s/15?
9
Let s = -10 - -12. Suppose -s*j + 3 = -13. What is the remainder when 22 is divided by j?
6
Let g = 249 - 164. Suppose 0*l + 2*l = 5*i + 162, 64 = -2*i + l. Let w = g + i. Calculate the remainder when w is divided by 13.
12
Suppose 0 = -b - d + 29, -6*b + 143 = -2*b - 5*d. Calculate the remainder when 179 is divided by 4/(b/220) - 6/4.
23
Let i = -13 - -16. Suppose 5*w + i*s + 33 = -109, 0 = 2*w + 4*s + 68. Let a = w + 44. What is the remainder when a is divided by 7?
4
Let o = 0 - -19. Let b be -74*(9/6 - 2). Let s = b + -30. Calculate the remainder when o is divided by s.
5
Let h(q) = -165*q**3 + 3*q**2 + 3*q + 1. What is the remainder when h(-1) is divided by 28?
26
Let w = 50 + -45. Calculate the remainder when 159 is divided by 18 - w*(1 + -2).
21
Calculate the remainder when (4 - 6*6/12) + 102 is divided by 15.
13
Suppose i = 4*q + 65, -12*q = -3*i - 17*q + 144. Suppose 3*t + 2 = 23. Calculate the remainder when i is divided by t.
4
Let v(o) = 55*o**2 - 3*o - 10. Let n be v(-2). Suppose -5*d - n = -11*d. Calculate the remainder when d is divided by 28.
8
Suppose 6*v + 3 + 9 = 0. What is the remainder when (-102)/(-